Let a = 5 + 1. What are the prime factors of v(a)?
2, 3
Let w = 854 - 10. List the prime factors of w.
2, 211
Let b(q) = -q**2 + 11*q + 4. Suppose -3*u = -0*u - 69. Suppose -4*y + u + 17 = 0. What are the prime factors of b(y)?
2, 7
Suppose -3*i + 4 = 4*s, -2*i = -0*s + 4*s. List the prime factors of i/(-8) + 141/6.
23
Suppose 24 = 2*w - 12. Suppose 0 = -6*p + 12 + w. Suppose p*m = -3*q + 30, 5*q + 2*m - 31 = -0*m. What are the prime factors of q?
5
Suppose 34 = 2*t - 30. Suppose -g + t = g. List the prime factors of g.
2
Let n be (-1)/(((-16)/12)/4). Suppose -90 - 183 = -n*k. List the prime factors of k.
7, 13
Let b(a) = 180*a + 44. List the prime factors of b(3).
2, 73
Let n(r) = 4*r**3 + 7*r**2 - 7*r - 16. List the prime factors of n(8).
2, 3, 101
Suppose 25 = -4*y + 9. Let t = -8 - y. What are the prime factors of t/(-8)*41*2?
41
Let k be 6/4*(-22)/(-33). Suppose -3*t + 4*v + k = 2*v, -4*t = -3*v. Let h(a) = a**3 - 2*a**2 - a + 4. List the prime factors of h(t).
2, 5
Let s be 128/8*(-18)/(-4). Let x = -51 + s. What are the prime factors of x?
3, 7
Suppose -5*w + 10 = -10*w. What are the prime factors of (w + 4)*(-172)/(-4)?
2, 43
Suppose 10 - 2 = -4*l + 4*i, -3*l = -i + 2. Suppose 0 = -4*u - l*u + 20. Suppose 4*r - u*h - 49 = 0, -1 = r - h - 14. List the prime factors of r.
2
What are the prime factors of 75/15 - 29*-64?
1861
Let y(r) = 3424*r**2 + 30*r - 30. What are the prime factors of y(1)?
2, 107
Suppose 6*a = 4*a + 262. Let y = -42 + a. Suppose -7*j + y = -317. What are the prime factors of j?
2, 29
Let k = -165 + 187. Let m(t) = t**3 - t**2 - 3. Let d be m(3). Suppose -3*x = -h + d, -7 = -5*x - k. What are the prime factors of h?
2, 3
Let k be (-436)/12 + 0 + 3/9. What are the prime factors of ((-114)/(-4))/((-27)/k)?
2, 19
Let p = 71 - 65. Suppose 0 = -4*f + 14 + p, 0 = 5*u + 4*f - 125. What are the prime factors of u?
3, 7
What are the prime factors of (-12060)/(-150)*(-10)/(-2)?
2, 3, 67
Let f be -1*7 - (9 - 11). List the prime factors of (-31)/f*(0 - -5).
31
Let p(m) = -m**2 + 15*m. Let o be p(13). Let r = o - 24. List the prime factors of -2 - -2 - (-30)/r.
3, 5
List the prime factors of (-5)/30 + 181*13/6.
2, 7
Let k(b) = -2*b**3 + 53*b**2 - 11*b - 54. What are the prime factors of k(25)?
2, 773
List the prime factors of 460/69*(-270)/(-4).
2, 3, 5
Suppose -5*w + 4*v - 360 = -6*w, v - 1838 = -5*w. What are the prime factors of w?
2, 23
Let k(i) be the first derivative of -i**4/4 - 5*i**3/3 + i**2 + 4*i + 5. Let q be k(-5). Let b = q + 18. What are the prime factors of b?
2, 3
Let w(v) be the third derivative of -7*v**6/40 + v**5/30 - v**4/24 - v**3/3 + 5*v**2. Let d be w(-1). Suppose 3*m - d - 26 = 0. List the prime factors of m.
2
Suppose 2*r = -3*r - 265. Let d = r + 126. List the prime factors of d.
73
Let v(x) = -20 - 31*x - 8*x + 6. What are the prime factors of v(-2)?
2
Let z be (-6)/9*(1463/(-2) + -2). Let a = z - 191. What are the prime factors of a?
2, 149
Suppose -5*r + 41 = 4*i - 521, 0 = -4*r + i + 437. List the prime factors of r.
2, 5, 11
Suppose 0*c + 2*c = -10. Let n be ((-4)/c)/(10/225). Suppose -n = -2*q + 20. What are the prime factors of q?
19
Let u(m) = 60*m**2 + 36*m - 42. What are the prime factors of u(-8)?
2, 3, 5, 13
Suppose -3*p = -0*b + 4*b + 32, -3*p + 3*b - 18 = 0. Let n(z) = -z**2 + 10*z. Let k be n(7). Let y = k + p. What are the prime factors of y?
13
Let p = -274 - -462. What are the prime factors of p?
2, 47
Suppose 6 = 5*p - 4. Let o(a) = 2*a - 15*a - a**2 + 0*a**p - 10. List the prime factors of o(-12).
2
Suppose -10*o - 5*p + 2449 = -7*o, -2*p + 1634 = 2*o. What are the prime factors of o?
2, 409
Let u = -3136 + 4452. What are the prime factors of u?
2, 7, 47
Let a be (-2620)/36 - (-2)/(-9). Let h = a - -113. Suppose h = 3*x - x. What are the prime factors of x?
2, 5
Let c(z) = -309*z - 193. What are the prime factors of c(-5)?
2, 13
Let n be (-4)/(-10) + (-6)/15. Suppose -64 = -n*a - 2*a. Let z = a - 12. What are the prime factors of z?
2, 5
Suppose 7*c - 21842 = -5315. List the prime factors of c.
3, 787
Let t(f) = 16*f**2. Let y be t(1). Let r be (-20)/y + (-2)/(-8). What are the prime factors of (-2 - -1) + 6 + r?
2
Suppose -6*l - 163 - 3269 = 0. Let x = -255 - l. What are the prime factors of x?
317
Suppose 5*x = 2537 + 1768. What are the prime factors of x?
3, 7, 41
Suppose -4*c + 2*w = -6*c + 436, -5*w = -5*c + 1140. Suppose 0 = -8*f + c + 449. List the prime factors of f.
2, 3, 7
Let c = 2567 - 1083. List the prime factors of c.
2, 7, 53
Let o be 1648/64 - 1/(-4). List the prime factors of (-3)/2 - (-845)/o.
31
Let k be 2*9*(-80)/(-3). Suppose 3*a = -15, -5*t + 2*a = -3*a - k. What are the prime factors of t?
7, 13
Suppose -5*i + 162 = -3. Let t be (0 + 4)*i/12. What are the prime factors of (t - 5) + 2 + 0?
2
Let c = -500 + 974. What are the prime factors of c?
2, 3, 79
Let d(r) = -2*r**2 - 121*r + 2. List the prime factors of d(-7).
751
Let g = -127 - -66. Let p = 13 - g. What are the prime factors of p?
2, 37
Suppose 0*b - 78 = -6*b. Let r = -9 + b. Suppose w = -5*v + 28, w - 5 = -r*w + 2*v. List the prime factors of w.
3
Let q(w) = 24*w**2 - 2*w - 4. Let n be q(2). Suppose -15*b + 19*b = n. What are the prime factors of b?
2, 11
Let w = 241 - 184. List the prime factors of w.
3, 19
Suppose 5*j - 3*f = 2897, f - 1425 = -2*j - 264. What are the prime factors of j?
2, 5, 29
Let f(u) = -43*u - 298. List the prime factors of f(-37).
3, 431
What are the prime factors of (-4)/(-46) + (-16002)/(-69)?
2, 29
Let i(s) = 10*s - 126. What are the prime factors of i(15)?
2, 3
Let p = 30 + -15. Suppose 0*t + p = 3*t. Suppose 2*w + 2*w + t*z = 115, -3*w = -z - 72. List the prime factors of w.
5
Suppose 16*i = 153 + 823. Suppose 0 = -f - 3*l - 42, -3*l - 2*l - 80 = 2*f. Let k = f + i. List the prime factors of k.
31
Suppose -5*k + 153 = -22. Suppose 3*z + 5*v + 115 = -k, 2*z + 107 = -v. Let c = z + 96. List the prime factors of c.
41
List the prime factors of -7 + 22 - 6 - -4796.
5, 31
Let j = 24 + -17. Let y(m) = 6*m**2 - 3*m - 13. Let p be y(j). List the prime factors of 1/(-1 - (-265)/p).
2, 13
Let j = 85 + -61. Let h = j - 54. Let b = 50 + h. What are the prime factors of b?
2, 5
Suppose -12*j = -39*j + 47763. List the prime factors of j.
29, 61
Suppose 9*n + 4 = 5*n. Let o(i) = -5*i**3 - i**2 - 3*i - 2. Let q be o(n). Let w = 39 - q. List the prime factors of w.
2, 17
Let g be 8/2 - (4 + -1). Suppose -f = -2*f + 4. What are the prime factors of f - 4/2*g?
2
Let t = -552 + 1135. What are the prime factors of t?
11, 53
Let i(k) = -k + 4. Let m be i(4). What are the prime factors of (-3 - m)*(-322)/69?
2, 7
Let s(w) = 4*w**2 + 10*w - 13. Let c be s(5). Let z = -7 + c. What are the prime factors of z?
2, 5, 13
Let k(a) = -a**2 - 17*a - 12. Let r be k(-16). Suppose -r*g - g = -3*h + 16, -10 = -2*h + 4*g. Let v = 26 - h. List the prime factors of v.
19
Let j(d) = -d**3 - 8*d**2 - 8*d - 10. Let y be j(-9). Let p = y + -80. Suppose -w + p = -3*z + z, -2*w + z + 111 = 0. List the prime factors of w.
53
Let n = 1265 - -2028. What are the prime factors of n?
37, 89
Suppose 5*a = -5*l + 2175, 3*a + 2*a = 4*l + 2130. Suppose 5*n = a + 30. What are the prime factors of n?
2, 23
Suppose -g + 3 = 1. Suppose g*m - 5*m - 5*u = 7, 0 = 3*m + 3*u + 3. List the prime factors of m + -1 - (-42 - 0).
2, 3, 7
Let s(p) = 266*p - 1338. What are the prime factors of s(14)?
2, 1193
Let g(p) = p**3 - 8*p**2 - 6*p - 3. Let r be g(10). Suppose -4*t = -47 - r. What are the prime factors of t?
2, 23
Suppose -4*g - 801 = -b + 1042, 0 = -4*b - 3*g + 7448. What are the prime factors of b?
11, 13
What are the prime factors of 12*(-5 + 3)*(-2)/4?
2, 3
Suppose 2*h - 213 - 21 = 0. Let m = -59 + h. Suppose -m = -3*s + 4*y, -88 = -4*s - 2*y + 4. List the prime factors of s.
2, 11
Suppose -4*s + 5*a - 2 = -2*s, 4*s - 4*a = -4. Let i be -2 - (s - (-2 + 5)). Suppose -45 = -5*o + 4*o + 4*v, 74 = i*o - 4*v. List the prime factors of o.
29
Let a = 9 + -7. Suppose v - a - 3 = 0. Suppose v*i - 11 = -3*b, 3*i = -0*i + 3. What are the prime factors of b?
2
Let i(d) = -d**3 + 8*d**2 - 11. Let w(m) = -m + 6. Let s be w(0). What are the prime factors of i(s)?
61
Let y be ((-80)/(-15))/(2 + 4/(-3)). Suppose 29 + y = k. What are the prime fac